 greatest common factor of 10 and h.
10
Let x be ((-2)/4)/(3/36). Let w(t) = t**3 + 5*t**2 - 4*t - 4. Let d be w(x). Let j be (2 + d/12)*18. What is the highest common divisor of j and 108?
12
Let j(b) = b**2 - 3*b + 5. Let k be j(2). Suppose 3*h = 3*x + 60, -k*h - 5*x = -2*h - 14. Calculate the highest common factor of 76 and h.
19
Suppose 2*m = -8, 5*m = 2*q + 30 - 96. Let l = 25 - q. Suppose 19 = g + l. What is the highest common divisor of g and 68?
17
Let x(v) = 3*v**3 - v**2 + 2*v. Suppose 2*s - 6*s = -8. Let w be 9 - 5 - 4/s. Let c be x(w). Calculate the highest common divisor of 8 and c.
8
Let m = 8 + -6. Let c(s) = 22*s - 2. Let y be c(m). Let k(j) = -6*j + 204. Let n be k(33). Calculate the greatest common divisor of y and n.
6
Suppose 5*l - 187 - 23 = 0. What is the highest common divisor of 112 and l?
14
Suppose 53 + 235 = 8*z. Suppose 12*r = 8*r + z. What is the greatest common divisor of 63 and r?
9
Let b be (3*11)/(99/66). Calculate the highest common factor of b and 297.
11
Let g(v) = 2*v + 17. Let o be g(-7). Suppose o*b = b - 52. Let s = b - -39. What is the greatest common divisor of 26 and s?
13
Suppose -69 = 4*y - 9*y + m, 5*m = 5. What is the greatest common factor of 8 and y?
2
Let p(b) = b**3 - 20*b**2 + 30*b + 141. Let n be p(18). What is the greatest common divisor of n and 4?
1
Suppose -18 + 10 = -l. Suppose 0 = -d + 4*d - 9. Suppose 108 = -2*p + 6*p - d*a, 0 = 5*p + a - 116. Calculate the highest common factor of l and p.
8
Let a = 468 + -306. Let g = a + -108. Calculate the greatest common divisor of g and 18.
18
Suppose 2*v + 5*b - 169 = 0, v + 2*b + 0*b = 82. Suppose 0 = 14*k - 17 - 11. Suppose -j = -k*j + v. Calculate the greatest common factor of 8 and j.
8
Let n(y) = 2*y - 55*y**2 + 26*y**2 + 7*y**2 + 11 + 11 + y**3. Let v be n(22). What is the greatest common factor of v and 6?
6
Let j be -1 - (-3)/5 - 25652/(-530). What is the greatest common divisor of 216 and j?
24
Suppose -3*g + 30 + 15 = 3*z, -45 = -4*z + g. Let x(o) = 1 + 32*o**3 + o**2 - 6*o - 7*o + z*o. Let h be x(1). Calculate the highest common factor of h and 22.
11
Suppose 7*r - 2466 = 3*r - 3*z, -5*r + 4*z + 3067 = 0. Calculate the highest common divisor of r and 41.
41
Suppose 26 - 8 = 3*v. Let o(n) = n**3 + 5*n**2 + 5*n + 3. Suppose 6 = 4*k + 18. Let x be o(k). What is the highest common factor of x and v?
6
Let s = 2074 - 2035. Suppose 5*c - 1003 = 557. What is the highest common factor of s and c?
39
Let c = -17 + 20. Suppose -2*a + 248 = 4*q, -c*q + 381 = 3*a - 6*q. Calculate the greatest common factor of 14 and a.
14
Suppose -3*s = -4*j - 4719, 2*j = 3*s + 2*s - 7865. Calculate the greatest common factor of 13 and s.
13
Let o be ((-12)/10)/((-8)/220). Let w = o + 19. Suppose y + 2*j = 32, y = 3*j - j + w. What is the greatest common divisor of y and 28?
14
Let o(u) = 6*u - 2. Suppose -3*g = y - 3, -2*g - 4*y - 5 = 3. Let s be o(g). What is the highest common divisor of 10 and s?
10
Suppose -4*v + 3*f + 812 = 0, -5*f + 3*f = 8. Calculate the greatest common factor of v and 80.
40
Let o be (38/(-8))/((-9)/108) - 1. Calculate the greatest common factor of o and 35.
7
Suppose -3*v - v = -64. Let k(q) = 15*q**2 - 4*q + 2. Let t be k(2). Suppose -t*w + 58*w - 96 = 0. Calculate the greatest common divisor of w and v.
8
Suppose -130 = -4*z + x, 0 = 2*z + 3*z + 4*x - 152. Suppose -u = 2 - 10. Calculate the greatest common factor of u and z.
8
Let i(w) = 2*w + 19. Let h be i(10). What is the greatest common divisor of h and 156?
39
Suppose -19 - 1 = -4*h. Suppose m - 15 = 5*r, -h*m = -m - 4*r - 140. Suppose -154*z + 116*z = -190. What is the highest common factor of m and z?
5
Let i be 3/(2037/(-340) - -6). Calculate the greatest common divisor of i and 68.
68
Let v be (1 - (-1)/(-2))*0. Suppose -4*l = -3*f + 151, 0 = -v*f - 2*f + l + 94. Calculate the highest common divisor of 5 and f.
5
Let a be -2*(-322)/(-12) + (-14)/(-21). Let p = 61 + a. Calculate the highest common factor of p and 64.
8
Let m(c) = 26*c - 13. Let k be m(10). Suppose 5*p + 63 = -k. Let f = 19 - p. Calculate the highest common factor of 9 and f.
9
Suppose -19 = -4*c + c - 4*r, -3*c + r = -14. Suppose -5*w = -15 + c. Suppose -w*v - 3 = 1, 5 = -g - 5*v. Calculate the highest common divisor of 5 and g.
5
Let a = 186 + -120. Let p = -33 + a. What is the highest common divisor of p and 132?
33
Let p be 4/(-6) - (-448)/96. What is the highest common divisor of 28 and p?
4
Suppose 490 = -12*w + 19*w. Calculate the greatest common divisor of 20 and w.
10
Let o = -77 - -177. Calculate the greatest common factor of o and 25.
25
Suppose 5*f = 4*b + 3 - 17, -20 = 10*f. Suppose -2*s = -9 - 3. What is the highest common divisor of b and s?
1
Let k = 63 + -42. Calculate the greatest common factor of k and 1113.
21
Let j be ((-1264)/395)/((-2)/2695). Calculate the highest common factor of 88 and j.
88
Suppose 3*b - 25*i - 184 = -24*i, 0 = 5*b - 5*i - 290. Suppose 0 = -2*h + 5*j + 109, -75 + 226 = 3*h - 5*j. What is the highest common factor of b and h?
21
Suppose -3*v + 0*v - 190 = -5*j, 5*v - 190 = -5*j. Suppose -34 - j = -4*m. Suppose 3*h + 3*h - m = 0. Calculate the highest common factor of h and 2.
1
Suppose 5*j - 618 - 592 = 0. Let c = 5601 - 5579. What is the highest common factor of c and j?
22
Let t(n) = 31*n - 84. Let d be t(4). What is the greatest common factor of 200 and d?
40
Let n(l) = -15*l + 2. Let f be n(-2). Suppose -o = 14*o - 480. Calculate the highest common factor of o and f.
32
Let u(d) = d**3 - 18*d**2 + 19*d - 10. Let a be u(17). Let m be (72/(-42))/(2 - 45/21). Calculate the highest common factor of a and m.
12
Let z = -153 + 191. What is the highest common factor of 19 and z?
19
Suppose f = 5*l - 146, -4*l + 11*f + 132 = 14*f. What is the highest common divisor of l and 375?
15
Suppose 7*t - 6 = 50. Let s = 0 + 0. Suppose -2*a = -s*j + 5*j - 1, 0 = 4*a + 2*j - 26. Calculate the greatest common factor of t and a.
8
Suppose -16 = -4*i - 4*y, -4*i + 3*y - 5*y + 24 = 0. Suppose 3*z + 5*d = z + 155, 0 = -z - 2*d + 78. What is the highest common divisor of z and i?
8
Suppose -5*x + x + 800 = 0. Suppose 2*u - 15 = -3*u. Suppose -s = u*s - x. Calculate the highest common factor of s and 10.
10
Suppose -3*b = 2*l - 5 - 1, 0 = 4*l - 5*b - 12. Let f = -12 + 24. Calculate the greatest common divisor of f and l.
3
Let i(m) = 27*m**2 - 6*m + 5. Let a be i(2). Let n = a - 89. Let b(f) = 5*f - 2. Let h be b(4). What is the highest common factor of h and n?
6
Suppose -7199 + 2015 = -36*x. What is the greatest common factor of x and 336?
48
Let l(i) = -i**3 - 6*i**2 + 7*i + 5. Let x be l(-7). Let z be 2/8 + (-119)/(-68). What is the highest common divisor of x and z?
1
Let x(u) = 9*u - 26. Let p be x(6). Calculate the greatest common factor of 238 and p.
14
Let s be (8/(-5))/(4/(-110)). Let k be (9/6)/(1/6). Suppose -8*q + k = -23. Calculate the greatest common divisor of s and q.
4
Suppose 160 = 2052*l - 2042*l. Suppose -f = -2*f + 2. What is the highest common factor of f and l?
2
Let i(y) = y**3 + 8*y**2 - 8*y + 10. Let w be i(-9). Suppose w = a - 5. Let j(t) = t + 42. Let x be j(0). What is the highest common factor of x and a?
6
Let t(i) be the second derivative of 2*i**3 - 13*i. Let c be (-4 + -2)*4/(-6). Let s be t(c). What is the highest common factor of s and 16?
16
Let u(v) = -7*v + 7*v - 12 + 2*v + 8*v. Let i = -12 - -21. Let x be u(i). What is the highest common divisor of x and 13?
13
Let f be ((-8)/(-6))/(1/60). Let p = 40 - 24. Let d be p/(-3)*330/(-88). What is the greatest common divisor of f and d?
20
Let d = -257 + 270. Let y be (78/4)/(3/4). Calculate the highest common factor of d and y.
13
Let w = 15 - 8. Suppose -5*g - 20 = -w*g. What is the greatest common divisor of 110 and g?
10
Suppose 7*s - 28 + 7 = 0. Suppose 3*r - 4*d + 2*d - 47 = 0, 5*r - s*d = 79. What is the highest common factor of 17 and r?
17
Let l(f) = f**2 + 12*f. Let w be l(-12). Suppose i + 3*i + 3*d - 22 = w, -4*d = -2*i. Suppose i*u - 60 = 2*u. Calculate the greatest common factor of 15 and u.
15
Let h(o) = 4*o**2 - 6*o - 5. Let y be h(5). Let k be 798/60 + (-15)/50. Calculate the greatest common factor of y and k.
13
Let n = -29 - -15. Let w = 0 - n. Calculate the greatest common divisor o